{"id":7,"date":"2019-03-03T17:42:20","date_gmt":"2019-03-03T16:42:20","guid":{"rendered":"https:\/\/www.kolping-babenhausen.de\/kolping\/?page_id=7"},"modified":"2019-03-03T17:42:20","modified_gmt":"2019-03-03T16:42:20","slug":"impressum","status":"publish","type":"page","link":"https:\/\/www.kolping-babenhausen.de\/?page_id=7","title":{"rendered":"Impressum"},"content":{"rendered":"\n<p>Verantwortlich f\u00fcr den Inhalt, Verantwortlich f\u00fcr die Realisierung: <\/p>\n\n\n\n<p>Kolpingsfamilie Babenhausen,<br>\n \n  E-mail: kontakt@kolping-babenhausen.de<\/p>\n\n\n\n<p> Die Kolpingsfamilie Babenhausen wird vertreten durch den <\/p>\n\n\n\n<p>1.Vorsitzenden Reinhard Gschwind, Im Tafelmahd 43, 87727 Babenhausen, E-mail: kontakt@kolping- babenhausen.de<\/p>\n\n\n\n<p> Copyright C Kolpingsfamilie Babenhausen.<\/p>\n\n\n\n<p> Falls nicht anders angegeben, unterliegen alle Seiten\n des Web-Angebots dem Urheberrecht (Copyright). Dies gilt insbesondere \nf\u00fcr Texte, Bilder, Grafiken, Ton-, Video- oder Animationsdateien \neinschlie\u00dflich deren Anordnung auf den Web-Seiten. Eine Vervielf\u00e4ltigung\n oder Verwendung solcher Seiten (oder Teilen davon) in anderen \nelektronischen oder gedruckten Publikationen und deren Ver\u00f6ffentlichung \n(auch im Internet) ist nur nach vorheriger Genehmigung gestattet. Der \nNachdruck und die Auswertung von Pressemitteilungen und Reden sind mit \nQuellenangabe nat\u00fcrlich gestattet. Die Genehmigung zur Publikation der \nWebseiten kann die Redaktion erteilen. Weiterhin k\u00f6nnen Bilder, \nGrafiken, Text- oder sonstige Dateien ganz oder teilweise dem \nUrheberrecht Dritter unterliegen. Alle innerhalb des Internetangebotes \ngenannten und ggf. durch Dritte gesch\u00fctzten Marken- und Warenzeichen \nunterliegen uneingeschr\u00e4nkt den Bestimmungen des jeweils g\u00fcltigen \nKennzeichenrechts und den Besitzrechten der jeweiligen eingetragenen \nEigent\u00fcmer. Allein aufgrund der blo\u00dfen Nennung in unserem \nInternetangebot ist nicht der Schluss zu ziehen, dass Markenzeichen \nnicht durch Rechte Dritter gesch\u00fctzt sind.  <\/p>\n\n\n\n<p>Haftungsausschluss  <\/p>\n\n\n\n<p>Die Kolpingsfamilie Babenhausen hat alle in seinem \nBereich bereitgestellten. Informationen nach bestem Wissen und Gewissen \nerarbeitet und gepr\u00fcft. Es wird jedoch keine Gew\u00e4hr f\u00fcr die Aktualit\u00e4t, \nRichtigkeit, Vollst\u00e4ndigkeit oder Qualit\u00e4t und jederzeitige \nVerf\u00fcgbarkeit der bereitgestellten Informationen \u00fcbernommen.  \nUnbeschadet der Regelungen des \u00a7 675 Absatz 2 BGB gilt f\u00fcr das \nbereitgestellte Informationsangebot folgende Haftungsbeschr\u00e4nkung: die \nKolpingsfamilie Babenhausen  und ihre Mitglieder haften nicht f\u00fcr \nSch\u00e4den, die durch die Nutzung oder Nichtnutzung der im Internetauftritt\n angebotenen Informationen entstehen. Der Haftungsausschluss gilt nicht,\n soweit die Vorschriften des \u00a7 839 BGB (Haftung bei \nAmtspflichtverletzung) einschl\u00e4gig sind. F\u00fcr etwaige Sch\u00e4den, die beim \nAufrufen oder Herunterladen von Daten durch Computerviren oder der \nInstallation oder Nutzung von Software verursacht werden, wird nicht \ngehaftet. Namentlich gekennzeichnete Internetseiten geben die \nAuffassungen und Erkenntnisse der abfassenden Personen wieder. Die \nKolpingsfamilie Babenhausen beh\u00e4lt es sich ausdr\u00fccklich vor, einzelne \nWebseiten oder das gesamte Angebot ohne gesonderte Ank\u00fcndigung zu \nver\u00e4ndern, zu erg\u00e4nzen, zu l\u00f6schen oder die Ver\u00f6ffentlichung zeitweise \noder endg\u00fcltig einzustellen.  <\/p>\n\n\n\n<p>Links und Verweise (Disclaimer)<\/p>\n\n\n\n<p> Die Kolpingsfamilie Babenhausen ist nur f\u00fcr die \n&#8222;eigenen Inhalte&#8220;, die sie jeweils zur Nutzung bereith\u00e4lt, nach den \neinschl\u00e4gigen Gesetzen verantwortlich. Von diesen eigenen Inhalten sind \nQuerverweise (&#8222;Links&#8220;) auf die Webseiten anderer Anbieter zu \nunterscheiden. Durch den als &#8222;Link&#8220; gekennzeichneten Querverweis \nerm\u00f6glicht die Kolpingsfamilie Babenhausen den Zugang zu &#8222;fremden \nInhalten&#8220;. Durch den Querverweis wird lediglich der Zugang zur Nutzung \ndieser Inhalte vermittelt. F\u00fcr diese &#8222;fremden&#8220; Inhalte ist die Gemeinde \nnicht verantwortlich, da sie die \u00dcbermittlung der Information nicht \nveranlasst, den Adressaten der \u00fcbermittelten Informationen nicht \nausw\u00e4hlt und die \u00fcbermittelten Informationen auch nicht ausgew\u00e4hlt oder \nver\u00e4ndert hat. Auch eine automatische kurzzeitige Zwischenspeicherung \ndieser &#8222;fremden Informationen&#8220; erfolgt wegen der gew\u00e4hlten Aufruf- und \nVerlinkungsmethodik nicht, so dass sich auch dadurch keine \nVerantwortlichkeit der Kolpingsfamilie Babenhausen  f\u00fcr diese fremden \nInhalte ergibt.  Bei der erstmaligen Verkn\u00fcpfung mit diesen \nInternetangeboten hat die Kolpingsfamilie Babenhausen den fremden Inhalt\n jedoch daraufhin \u00fcberpr\u00fcft, ob durch ihn eine m\u00f6gliche zivilrechtliche \noder strafrechtliche Verantwortlichkeit ausgel\u00f6st wird. Sobald die \nKolpingsfamilie Babenhausen jedoch feststellt oder von anderen darauf \nhingewiesen wird, dass ein konkretes Angebot, zu dem es einen Link \nbereitgestellt hat, eine zivil- oder strafrechtliche Verantwortlichkeit \nausl\u00f6st, wird sie den Verweis auf dieses Angebot unverz\u00fcglich aufheben, \nsoweit es technisch m\u00f6glich und zumutbar ist. F\u00fcr illegale, fehlerhafte \noder unvollst\u00e4ndige Inhalte und insbesondere f\u00fcr Sch\u00e4den, die aus der \nNutzung oder Nichtnutzung von Informationen Dritter entstehen, haftet \nallein der jeweilige Anbieter der Seite, auf welche verwiesen wurde.<\/p>\n","protected":false},"excerpt":{"rendered":"<p>Verantwortlich f\u00fcr den Inhalt, Verantwortlich f\u00fcr die Realisierung: Kolpingsfamilie Babenhausen, E-mail: kontakt@kolping-babenhausen.de Die Kolpingsfamilie Babenhausen wird vertreten durch den 1.Vorsitzenden Reinhard Gschwind, Im Tafelmahd 43, 87727 Babenhausen, E-mail: kontakt@kolping- babenhausen.de Copyright C Kolpingsfamilie Babenhausen. Falls nicht anders angegeben, unterliegen alle Seiten des Web-Angebots dem Urheberrecht (Copyright). Dies gilt insbesondere f\u00fcr Texte, Bilder, Grafiken, Ton-, Video- oder Animationsdateien einschlie\u00dflich deren Anordnung auf den Web-Seiten. Eine Vervielf\u00e4ltigung oder Verwendung solcher Seiten (oder Teilen davon) in anderen elektronischen<\/p>\n<div class=\"read-more-wrapper\"><a href=\"https:\/\/www.kolping-babenhausen.de\/?page_id=7\" class=\"btn btn-green btn-read-more\" role=\"button\">weiterlesen<\/a><\/div>\n","protected":false},"author":1,"featured_media":0,"parent":0,"menu_order":0,"comment_status":"closed","ping_status":"closed","template":"","meta":{"footnotes":""},"class_list":["post-7","page","type-page","status-publish","hentry"],"_links":{"self":[{"href":"https:\/\/www.kolping-babenhausen.de\/index.php?rest_route=\/wp\/v2\/pages\/7","targetHints":{"allow":["GET"]}}],"collection":[{"href":"https:\/\/www.kolping-babenhausen.de\/index.php?rest_route=\/wp\/v2\/pages"}],"about":[{"href":"https:\/\/www.kolping-babenhausen.de\/index.php?rest_route=\/wp\/v2\/types\/page"}],"author":[{"embeddable":true,"href":"https:\/\/www.kolping-babenhausen.de\/index.php?rest_route=\/wp\/v2\/users\/1"}],"replies":[{"embeddable":true,"href":"https:\/\/www.kolping-babenhausen.de\/index.php?rest_route=%2Fwp%2Fv2%2Fcomments&post=7"}],"version-history":[{"count":1,"href":"https:\/\/www.kolping-babenhausen.de\/index.php?rest_route=\/wp\/v2\/pages\/7\/revisions"}],"predecessor-version":[{"id":8,"href":"https:\/\/www.kolping-babenhausen.de\/index.php?rest_route=\/wp\/v2\/pages\/7\/revisions\/8"}],"wp:attachment":[{"href":"https:\/\/www.kolping-babenhausen.de\/index.php?rest_route=%2Fwp%2Fv2%2Fmedia&parent=7"}],"curies":[{"name":"wp","href":"https:\/\/api.w.org\/{rel}","templated":true}]}}