{"id":5,"date":"2019-03-03T17:41:14","date_gmt":"2019-03-03T16:41:14","guid":{"rendered":"https:\/\/www.kolping-babenhausen.de\/kolping\/?page_id=5"},"modified":"2019-03-03T17:41:14","modified_gmt":"2019-03-03T16:41:14","slug":"datenschutzerklaerung-2","status":"publish","type":"page","link":"https:\/\/www.kolping-babenhausen.de\/?page_id=5","title":{"rendered":"Datenschutzerkl\u00e4rung"},"content":{"rendered":"\n<h1 class=\"wp-block-heading\"><strong>1. Datenschutz auf einen Blick<\/strong><\/h1>\n\n\n\n<h3 class=\"wp-block-heading\">Allgemeine Hinweise<\/h3>\n\n\n\n<p>Die folgenden Hinweise geben einen einfachen \u00dcberblick\n dar\u00fcber, was mit Ihren personenbezogenen Daten passiert, wenn Sie \nunsere Website besuchen. Personenbezogene Daten sind alle Daten, mit \ndenen Sie pers\u00f6nlich identifiziert werden k\u00f6nnen. Ausf\u00fchrliche \nInformationen zum Thema Datenschutz entnehmen Sie unserer unter diesem \nText aufgef\u00fchrten Datenschutzerkl\u00e4rung.<\/p>\n\n\n\n<h3 class=\"wp-block-heading\">Datenerfassung auf unserer Website<\/h3>\n\n\n\n<p><strong>Wer ist verantwortlich f\u00fcr die Datenerfassung auf dieser Website?<\/strong><\/p>\n\n\n\n<p>Die\n Datenverarbeitung auf dieser Website erfolgt durch den \nWebsitebetreiber. Dessen Kontaktdaten k\u00f6nnen Sie dem Impressum dieser \nWebsite entnehmen.<\/p>\n\n\n\n<p><strong>Wie erfassen wir Ihre Daten?<\/strong><\/p>\n\n\n\n<p>Ihre\n Daten werden zum einen dadurch erhoben, dass Sie uns diese mitteilen. \nHierbei kann es sich z.B. um Daten handeln, die Sie in ein \nKontaktformular eingeben.<\/p>\n\n\n\n<p>Andere Daten werden \nautomatisch beim Besuch der Website durch unsere IT-Systeme erfasst. Das\n sind vor allem technische Daten (z.B. Internetbrowser, Betriebssystem \noder Uhrzeit des Seitenaufrufs). Die Erfassung dieser Daten erfolgt \nautomatisch, sobald Sie unsere Website betreten.<\/p>\n\n\n\n<p><strong>Wof\u00fcr nutzen wir Ihre Daten?<\/strong><\/p>\n\n\n\n<p>Ein\n Teil der Daten wird erhoben, um eine fehlerfreie Bereitstellung der \nWebsite zu gew\u00e4hrleisten. Andere Daten k\u00f6nnen zur Analyse Ihres \nNutzerverhaltens verwendet werden.<\/p>\n\n\n\n<p><strong>Welche Rechte haben Sie bez\u00fcglich Ihrer Daten?<\/strong><\/p>\n\n\n\n<p>Sie\n haben jederzeit das Recht unentgeltlich Auskunft \u00fcber Herkunft, \nEmpf\u00e4nger und Zweck Ihrer gespeicherten personenbezogenen Daten zu \nerhalten. Sie haben au\u00dferdem ein Recht, die Berichtigung, Sperrung oder \nL\u00f6schung dieser Daten zu verlangen. Hierzu sowie zu weiteren Fragen zum \nThema Datenschutz k\u00f6nnen Sie sich jederzeit unter der im Impressum \nangegebenen Adresse an uns wenden. Des Weiteren steht Ihnen ein \nBeschwerderecht bei der zust\u00e4ndigen Aufsichtsbeh\u00f6rde zu.<\/p>\n\n\n\n<h2 class=\"wp-block-heading\"><strong>2. Allgemeine Hinweise und Pflichtinformationen<\/strong><\/h2>\n\n\n\n<h3 class=\"wp-block-heading\">Datenschutz<\/h3>\n\n\n\n<p>Die Betreiber \ndieser Seiten nehmen den Schutz Ihrer pers\u00f6nlichen Daten sehr ernst. Wir\n behandeln Ihre personenbezogenen Daten vertraulich und entsprechend der\n gesetzlichen Datenschutzvorschriften sowie dieser Datenschutzerkl\u00e4rung.<\/p>\n\n\n\n<p>Wenn\n Sie diese Website benutzen, werden verschiedene personenbezogene Daten \nerhoben. Personenbezogene Daten sind Daten, mit denen Sie pers\u00f6nlich \nidentifiziert werden k\u00f6nnen. Die vorliegende Datenschutzerkl\u00e4rung \nerl\u00e4utert, welche Daten wir erheben und wof\u00fcr wir sie nutzen. Sie \nerl\u00e4utert auch, wie und zu welchem Zweck das geschieht.<\/p>\n\n\n\n<p>Wir\n weisen darauf hin, dass die Daten\u00fcbertragung im Internet (z.B. bei der \nKommunikation per E-Mail) Sicherheitsl\u00fccken aufweisen kann. Ein \nl\u00fcckenloser Schutz der Daten vor dem Zugriff durch Dritte ist nicht \nm\u00f6glich.<\/p>\n\n\n\n<h3 class=\"wp-block-heading\">Hinweis zur verantwortlichen Stelle<\/h3>\n\n\n\n<p>Die verantwortliche Stelle f\u00fcr die Datenverarbeitung auf dieser Website ist:<\/p>\n\n\n\n<p>Kolpingsfamilie Babenhausen<br>\n1. Vorsitzender Reinhard Gschwind<br>\nIm Tafelmahd 43<br>\n87727 Babenhausen<\/p>\n\n\n\n<p>Telefon: 08333 \/ 923084<br>\nE-Mail: kontakt@kolping-babenhausen.de<\/p>\n\n\n\n<p>Verantwortliche Stelle ist die nat\u00fcrliche oder \njuristische Person, die allein oder gemeinsam mit anderen \u00fcber die \nZwecke und Mittel der Verarbeitung von personenbezogenen Daten (z.B. \nNamen, E-Mail-Adressen o. \u00c4.) entscheidet.<\/p>\n\n\n\n<h3 class=\"wp-block-heading\">Widerruf Ihrer Einwilligung zur Datenverarbeitung<\/h3>\n\n\n\n<p>Viele\n Datenverarbeitungsvorg\u00e4nge sind nur mit Ihrer ausdr\u00fccklichen \nEinwilligung m\u00f6glich. Sie k\u00f6nnen eine bereits erteilte Einwilligung \njederzeit widerrufen. Dazu reicht eine formlose Mitteilung per E-Mail an\n uns. Die Rechtm\u00e4\u00dfigkeit der bis zum Widerruf erfolgten \nDatenverarbeitung bleibt vom Widerruf unber\u00fchrt.<\/p>\n\n\n\n<h3 class=\"wp-block-heading\">Beschwerderecht bei der zust\u00e4ndigen Aufsichtsbeh\u00f6rde<\/h3>\n\n\n\n<p>Im\n Falle datenschutzrechtlicher Verst\u00f6\u00dfe steht dem Betroffenen ein \nBeschwerderecht bei der zust\u00e4ndigen Aufsichtsbeh\u00f6rde zu. Zust\u00e4ndige \nAufsichtsbeh\u00f6rde in datenschutzrechtlichen Fragen ist der \nLandesdatenschutzbeauftragte des Bundeslandes, in dem unser Unternehmen \nseinen Sitz hat. Eine Liste der Datenschutzbeauftragten sowie deren \nKontaktdaten k\u00f6nnen folgendem Link entnommen werden: <a href=\"https:\/\/www.bfdi.bund.de\/DE\/Infothek\/Anschriften_Links\/anschriften_links-node.html\" target=\"_blank\" rel=\"noreferrer noopener\">https:\/\/www.bfdi.bund.de\/DE\/Infothek\/Anschriften_Links\/anschriften_links-node.html<\/a>.<\/p>\n\n\n\n<h3 class=\"wp-block-heading\">Recht auf Daten\u00fcbertragbarkeit<\/h3>\n\n\n\n<p>Sie\n haben das Recht, Daten, die wir auf Grundlage Ihrer Einwilligung oder \nin Erf\u00fcllung eines Vertrags automatisiert verarbeiten, an sich oder an \neinen Dritten in einem g\u00e4ngigen, maschinenlesbaren Format aush\u00e4ndigen zu\n lassen. Sofern Sie die direkte \u00dcbertragung der Daten an einen anderen \nVerantwortlichen verlangen, erfolgt dies nur, soweit es technisch \nmachbar ist.<\/p>\n\n\n\n<h3 class=\"wp-block-heading\">SSL- bzw. TLS-Verschl\u00fcsselung<\/h3>\n\n\n\n<p>Diese\n Seite nutzt aus Sicherheitsgr\u00fcnden und zum Schutz der \u00dcbertragung \nvertraulicher Inhalte, wie zum Beispiel Bestellungen oder Anfragen, die \nSie an uns als Seitenbetreiber senden, eine SSL-bzw. \nTLS-Verschl\u00fcsselung. Eine verschl\u00fcsselte Verbindung erkennen Sie daran, \ndass die Adresszeile des Browsers von &#8222;http:\/\/&#8220; auf &#8222;https:\/\/&#8220; wechselt \nund an dem Schloss-Symbol in Ihrer Browserzeile.<\/p>\n\n\n\n<p>Wenn\n die SSL- bzw. TLS-Verschl\u00fcsselung aktiviert ist, k\u00f6nnen die Daten, die \nSie an uns \u00fcbermitteln, nicht von Dritten mitgelesen werden.<\/p>\n\n\n\n<h3 class=\"wp-block-heading\">Auskunft, Sperrung, L\u00f6schung<\/h3>\n\n\n\n<p>Sie\n haben im Rahmen der geltenden gesetzlichen Bestimmungen jederzeit das \nRecht auf unentgeltliche Auskunft \u00fcber Ihre gespeicherten \npersonenbezogenen Daten, deren Herkunft und Empf\u00e4nger und den Zweck der \nDatenverarbeitung und ggf. ein Recht auf Berichtigung, Sperrung oder \nL\u00f6schung dieser Daten. Hierzu sowie zu weiteren Fragen zum Thema \npersonenbezogene Daten k\u00f6nnen Sie sich jederzeit unter der im Impressum \nangegebenen Adresse an uns wenden.<\/p>\n\n\n\n<h2 class=\"wp-block-heading\"><strong>3. Datenerfassung auf unserer Website<\/strong><\/h2>\n\n\n\n<h3 class=\"wp-block-heading\">Cookies<\/h3>\n\n\n\n<p>Die Internetseiten \nverwenden teilweise so genannte Cookies. Cookies richten auf Ihrem \nRechner keinen Schaden an und enthalten keine Viren. Cookies dienen \ndazu, unser Angebot nutzerfreundlicher, effektiver und sicherer zu \nmachen. Cookies sind kleine Textdateien, die auf Ihrem Rechner abgelegt \nwerden und die Ihr Browser speichert.<\/p>\n\n\n\n<p>Die meisten \nder von uns verwendeten Cookies sind so genannte &#8222;Session-Cookies&#8220;. Sie \nwerden nach Ende Ihres Besuchs automatisch gel\u00f6scht. Andere Cookies \nbleiben auf Ihrem Endger\u00e4t gespeichert bis Sie diese l\u00f6schen. Diese \nCookies erm\u00f6glichen es uns, Ihren Browser beim n\u00e4chsten Besuch \nwiederzuerkennen.<\/p>\n\n\n\n<p>Sie k\u00f6nnen Ihren Browser so \neinstellen, dass Sie \u00fcber das Setzen von Cookies informiert werden und \nCookies nur im Einzelfall erlauben, die Annahme von Cookies f\u00fcr \nbestimmte F\u00e4lle oder generell ausschlie\u00dfen sowie das automatische \nL\u00f6schen der Cookies beim Schlie\u00dfen des Browser aktivieren. Bei der \nDeaktivierung von Cookies kann die Funktionalit\u00e4t dieser Website \neingeschr\u00e4nkt sein.<\/p>\n\n\n\n<p>Cookies, die zur Durchf\u00fchrung \ndes elektronischen Kommunikationsvorgangs oder zur Bereitstellung \nbestimmter, von Ihnen erw\u00fcnschter Funktionen (z.B. Warenkorbfunktion) \nerforderlich sind, werden auf Grundlage von Art. 6 Abs. 1 lit. f DSGVO \ngespeichert. Der Websitebetreiber hat ein berechtigtes Interesse an der \nSpeicherung von Cookies zur technisch fehlerfreien und optimierten \nBereitstellung seiner Dienste. Soweit andere Cookies (z.B. Cookies zur \nAnalyse Ihres Surfverhaltens) gespeichert werden, werden diese in dieser\n Datenschutzerkl\u00e4rung gesondert behandelt.<\/p>\n\n\n\n<h3 class=\"wp-block-heading\">Server-Log-Dateien<\/h3>\n\n\n\n<p>Der \nProvider der Seiten erhebt und speichert automatisch Informationen in so\n genannten Server-Log-Dateien, die Ihr Browser automatisch an uns \n\u00fcbermittelt. Dies sind:<\/p>\n\n\n\n<ul class=\"wp-block-list\"><li>Browsertyp und Browserversion<\/li><li>verwendetes Betriebssystem<\/li><li>Referrer URL<\/li><li>Hostname des zugreifenden Rechners<\/li><li>Uhrzeit der Serveranfrage<\/li><li>IP-Adresse<\/li><\/ul>\n\n\n\n<p>Eine Zusammenf\u00fchrung dieser Daten mit anderen Datenquellen wird nicht vorgenommen.<\/p>\n\n\n\n<p>Grundlage\n f\u00fcr die Datenverarbeitung ist Art. 6 Abs. 1 lit. f DSGVO, der die \nVerarbeitung von Daten zur Erf\u00fcllung eines Vertrags oder \nvorvertraglicher Ma\u00dfnahmen gestattet.<\/p>\n","protected":false},"excerpt":{"rendered":"<p>1. Datenschutz auf einen Blick Allgemeine Hinweise Die folgenden Hinweise geben einen einfachen \u00dcberblick dar\u00fcber, was mit Ihren personenbezogenen Daten passiert, wenn Sie unsere Website besuchen. Personenbezogene Daten sind alle Daten, mit denen Sie pers\u00f6nlich identifiziert werden k\u00f6nnen. Ausf\u00fchrliche Informationen zum Thema Datenschutz entnehmen Sie unserer unter diesem Text aufgef\u00fchrten Datenschutzerkl\u00e4rung. Datenerfassung auf unserer Website Wer ist verantwortlich f\u00fcr die Datenerfassung auf dieser Website? Die Datenverarbeitung auf dieser Website erfolgt durch den Websitebetreiber. Dessen Kontaktdaten<\/p>\n<div class=\"read-more-wrapper\"><a href=\"https:\/\/www.kolping-babenhausen.de\/?page_id=5\" class=\"btn btn-green btn-read-more\" role=\"button\">weiterlesen<\/a><\/div>\n","protected":false},"author":1,"featured_media":0,"parent":0,"menu_order":0,"comment_status":"closed","ping_status":"closed","template":"","meta":{"footnotes":""},"class_list":["post-5","page","type-page","status-publish","hentry"],"_links":{"self":[{"href":"https:\/\/www.kolping-babenhausen.de\/index.php?rest_route=\/wp\/v2\/pages\/5","targetHints":{"allow":["GET"]}}],"collection":[{"href":"https:\/\/www.kolping-babenhausen.de\/index.php?rest_route=\/wp\/v2\/pages"}],"about":[{"href":"https:\/\/www.kolping-babenhausen.de\/index.php?rest_route=\/wp\/v2\/types\/page"}],"author":[{"embeddable":true,"href":"https:\/\/www.kolping-babenhausen.de\/index.php?rest_route=\/wp\/v2\/users\/1"}],"replies":[{"embeddable":true,"href":"https:\/\/www.kolping-babenhausen.de\/index.php?rest_route=%2Fwp%2Fv2%2Fcomments&post=5"}],"version-history":[{"count":1,"href":"https:\/\/www.kolping-babenhausen.de\/index.php?rest_route=\/wp\/v2\/pages\/5\/revisions"}],"predecessor-version":[{"id":6,"href":"https:\/\/www.kolping-babenhausen.de\/index.php?rest_route=\/wp\/v2\/pages\/5\/revisions\/6"}],"wp:attachment":[{"href":"https:\/\/www.kolping-babenhausen.de\/index.php?rest_route=%2Fwp%2Fv2%2Fmedia&parent=5"}],"curies":[{"name":"wp","href":"https:\/\/api.w.org\/{rel}","templated":true}]}}